{"id":319,"date":"2020-03-27T13:41:05","date_gmt":"2020-03-27T16:41:05","guid":{"rendered":"https:\/\/demosites.io\/energy-panels-gb\/?page_id=319"},"modified":"2022-06-14T16:30:28","modified_gmt":"2022-06-14T19:30:28","slug":"sobre","status":"publish","type":"page","link":"https:\/\/vbk.pet\/www\/sobre\/","title":{"rendered":"Sobre n\u00f3s"},"content":{"rendered":"\n<div id=\"wp-block-themeisle-blocks-advanced-columns-56760ad1\" class=\"wp-block-themeisle-blocks-advanced-columns alignfull has-1-columns has-desktop-equal-layout has-tablet-equal-layout has-mobile-equal-layout has-vertical-unset\"><div class=\"wp-block-themeisle-blocks-advanced-columns-overlay\"><\/div><div class=\"innerblocks-wrap\">\n<div id=\"wp-block-themeisle-blocks-advanced-column-5a66daa9\" class=\"wp-block-themeisle-blocks-advanced-column\"><\/div>\n<\/div><\/div>\n\n\n\n<div id=\"wp-block-themeisle-blocks-advanced-columns-ff9fe555\" class=\"wp-block-themeisle-blocks-advanced-columns alignfull has-2-columns has-desktop-equal-layout has-tablet-equal-layout has-mobile-collapsedRows-layout has-vertical-unset ticss-a12d9e64\"><div class=\"wp-block-themeisle-blocks-advanced-columns-overlay\"><\/div><div class=\"innerblocks-wrap\">\n<div id=\"wp-block-themeisle-blocks-advanced-column-9a3ebddd\" class=\"wp-block-themeisle-blocks-advanced-column\">\n<h1 id=\"wp-block-themeisle-blocks-advanced-heading-705ce6e7\" class=\"wp-block-themeisle-blocks-advanced-heading wp-block-themeisle-blocks-advanced-heading-705ce6e7\">Prazer, somos o VBK <\/h1>\n\n\n\n<p class=\"has-neve-text-color-color has-text-color\" style=\"font-size:19px\">Conhe\u00e7a melhor o Von Borghen Kennel. <\/p>\n<\/div>\n\n\n\n<div id=\"wp-block-themeisle-blocks-advanced-column-90be8213\" class=\"wp-block-themeisle-blocks-advanced-column\"><\/div>\n<\/div><\/div>\n\n\n\n<div id=\"wp-block-themeisle-blocks-advanced-columns-849ddfc1\" class=\"wp-block-themeisle-blocks-advanced-columns alignfull has-2-columns has-desktop-oneTwo-layout has-tablet-equal-layout has-mobile-collapsedRows-layout has-vertical-unset\"><div class=\"wp-block-themeisle-blocks-advanced-columns-overlay\"><\/div><div class=\"innerblocks-wrap\">\n<div id=\"wp-block-themeisle-blocks-advanced-column-169e5640\" class=\"wp-block-themeisle-blocks-advanced-column\">\n<h2 id=\"wp-block-themeisle-blocks-advanced-heading-7a662a6f\" class=\"wp-block-themeisle-blocks-advanced-heading wp-block-themeisle-blocks-advanced-heading-7a662a6f\">Nunca paramos de adquirir conhecimento e estamos em busca de constante aprendizado <\/h2>\n<\/div>\n\n\n\n<div id=\"wp-block-themeisle-blocks-advanced-column-1ed7e0a8\" class=\"wp-block-themeisle-blocks-advanced-column\">\n<p>Desde o princ\u00edpio o VBK prioriza o amor e a dedica\u00e7\u00e3o aos amados animais de estima\u00e7\u00e3o.<\/p>\n\n\n\n<p>A empresa teve o seu in\u00edcio pelos propriet\u00e1rios D\u00e9bora e Jos\u00e9 Rui, que depositam todo seu empenho e carinho, nessa que se tornaria uma refer\u00eancia nacional. Os fundadores deixaram no dna do canil o mais alto padr\u00e3o dispon\u00edvel \u00e0 \u00e9poca e evoluindo com o passar do tempo.<\/p>\n\n\n\n<p>J\u00e1 no ano de 2015, \u00e9 iniciado um novo ciclo, com a aquisi\u00e7\u00e3o das atividades por parte da fam\u00edlia Lua Bela, mantendo o foco em bem atender e prestar total apoio de sa\u00fade aos animais e tranquilizar seus donos, com colaboradores que se dedicam totalmente as suas atividades.<\/p>\n\n\n\n<p>2022, uma \u00e9poca de acontecimentos adversos mundo afora, tomamos a decis\u00e3o que mudaria o rumo e a hist\u00f3ria do ent\u00e3o canil Von Borghen Kennel: a amplia\u00e7\u00e3o das atividades. Com investimentos no setor de Pet Shop, iniciamos o atendimento aos estimados de Porangaba e regi\u00e3o.<\/p>\n\n\n\n<p class=\"has-neve-text-color-color has-text-color\">Junto a todas essas novidades, o agora VBK PET, ganha uma nova identidade visual, mais moderna, requintada e que se conecta com o seu p\u00fablico. As novidades sempre nos moveram e estamos sempre atentos ao mercado, buscando trazer o que h\u00e1 de mais novo e eficaz para proporcionar sa\u00fade e bem-estar aos pets.<\/p>\n<\/div>\n<\/div><\/div>\n\n\n\n<div id=\"wp-block-themeisle-blocks-advanced-columns-dedd336d\" class=\"wp-block-themeisle-blocks-advanced-columns alignfull has-3-columns has-desktop-equal-layout has-tablet-equal-layout has-mobile-collapsedRows-layout has-vertical-center\"><div class=\"wp-block-themeisle-blocks-advanced-columns-overlay\"><\/div><div class=\"innerblocks-wrap\">\n<div id=\"wp-block-themeisle-blocks-advanced-column-a97a688b\" class=\"wp-block-themeisle-blocks-advanced-column\"><div class=\"wp-block-image\">\n<figure class=\"alignleft size-large\"><img loading=\"lazy\" decoding=\"async\" width=\"1512\" height=\"1513\" src=\"https:\/\/vbk.pet\/www\/wp-content\/uploads\/2022\/05\/20210828_132035_resized-edited.jpg\" alt=\"\" class=\"wp-image-477\" srcset=\"https:\/\/vbk.pet\/www\/wp-content\/uploads\/2022\/05\/20210828_132035_resized-edited.jpg 1512w, https:\/\/vbk.pet\/www\/wp-content\/uploads\/2022\/05\/20210828_132035_resized-edited-300x300.jpg 300w, https:\/\/vbk.pet\/www\/wp-content\/uploads\/2022\/05\/20210828_132035_resized-edited-1024x1024.jpg 1024w, https:\/\/vbk.pet\/www\/wp-content\/uploads\/2022\/05\/20210828_132035_resized-edited-150x150.jpg 150w, https:\/\/vbk.pet\/www\/wp-content\/uploads\/2022\/05\/20210828_132035_resized-edited-768x769.jpg 768w\" sizes=\"auto, (max-width: 1512px) 100vw, 1512px\" \/><\/figure>\n<\/div><\/div>\n\n\n\n<div id=\"wp-block-themeisle-blocks-advanced-column-076dd2bb\" class=\"wp-block-themeisle-blocks-advanced-column\"><div class=\"wp-block-image\">\n<figure class=\"aligncenter size-large\"><img loading=\"lazy\" decoding=\"async\" width=\"1024\" height=\"576\" src=\"https:\/\/vbk.pet\/www\/wp-content\/uploads\/2022\/06\/WhatsApp-Image-2022-05-30-at-09.27.34-1-1024x576.jpeg\" alt=\"\" class=\"wp-image-519\" srcset=\"https:\/\/vbk.pet\/www\/wp-content\/uploads\/2022\/06\/WhatsApp-Image-2022-05-30-at-09.27.34-1-1024x576.jpeg 1024w, https:\/\/vbk.pet\/www\/wp-content\/uploads\/2022\/06\/WhatsApp-Image-2022-05-30-at-09.27.34-1-300x169.jpeg 300w, https:\/\/vbk.pet\/www\/wp-content\/uploads\/2022\/06\/WhatsApp-Image-2022-05-30-at-09.27.34-1-768x432.jpeg 768w, https:\/\/vbk.pet\/www\/wp-content\/uploads\/2022\/06\/WhatsApp-Image-2022-05-30-at-09.27.34-1-1536x864.jpeg 1536w, https:\/\/vbk.pet\/www\/wp-content\/uploads\/2022\/06\/WhatsApp-Image-2022-05-30-at-09.27.34-1.jpeg 1600w\" sizes=\"auto, (max-width: 1024px) 100vw, 1024px\" \/><\/figure>\n<\/div><\/div>\n\n\n\n<div id=\"wp-block-themeisle-blocks-advanced-column-adb2322c\" class=\"wp-block-themeisle-blocks-advanced-column\"><div class=\"wp-block-image\">\n<figure class=\"alignright size-full\"><img loading=\"lazy\" decoding=\"async\" width=\"900\" height=\"900\" src=\"https:\/\/vbk.pet\/www\/wp-content\/uploads\/2022\/05\/20220514_223933000_iOS-edited.jpg\" alt=\"\" class=\"wp-image-479\" srcset=\"https:\/\/vbk.pet\/www\/wp-content\/uploads\/2022\/05\/20220514_223933000_iOS-edited.jpg 900w, https:\/\/vbk.pet\/www\/wp-content\/uploads\/2022\/05\/20220514_223933000_iOS-edited-300x300.jpg 300w, https:\/\/vbk.pet\/www\/wp-content\/uploads\/2022\/05\/20220514_223933000_iOS-edited-150x150.jpg 150w, https:\/\/vbk.pet\/www\/wp-content\/uploads\/2022\/05\/20220514_223933000_iOS-edited-768x768.jpg 768w\" sizes=\"auto, (max-width: 900px) 100vw, 900px\" \/><\/figure>\n<\/div><\/div>\n<\/div><\/div>\n\n\n\n<div id=\"wp-block-themeisle-blocks-advanced-columns-cb38d5e3\" class=\"wp-block-themeisle-blocks-advanced-columns alignfull has-2-columns has-desktop-equal-layout has-tablet-equal-layout has-mobile-collapsedRows-layout has-vertical-unset\"><div class=\"wp-block-themeisle-blocks-advanced-columns-overlay\"><\/div><div class=\"innerblocks-wrap\">\n<div id=\"wp-block-themeisle-blocks-advanced-column-6a5714bf\" class=\"wp-block-themeisle-blocks-advanced-column\"><\/div>\n\n\n\n<div id=\"wp-block-themeisle-blocks-advanced-column-bb85434e\" class=\"wp-block-themeisle-blocks-advanced-column\">\n<h2 id=\"wp-block-themeisle-blocks-advanced-heading-ac75fa25\" class=\"wp-block-themeisle-blocks-advanced-heading wp-block-themeisle-blocks-advanced-heading-ac75fa25\">Mais do que uma miss\u00e3o <\/h2>\n\n\n\n<p><\/p>\n\n\n\n<p>O respeito e amor que temos pelos nossos Golden Retrievers e Dobermans refletem a alegria e conex\u00e3o que eles levam para suas futuras fam\u00edlias.<\/p>\n\n\n\n<p>\u00c9 uma honra fazermos parte de tantas hist\u00f3rias lindas.<\/p>\n\n\n\n<div style=\"height:20px\" aria-hidden=\"true\" class=\"wp-block-spacer\"><\/div>\n\n\n\n<div id=\"wp-block-themeisle-blocks-button-group-8f514222\" class=\"wp-block-themeisle-blocks-button-group wp-block-buttons\">\n<div id=\"wp-block-themeisle-blocks-button-4befebf8\" class=\"wp-block-themeisle-blocks-button wp-block-button\"><a href=\"https:\/\/vbk.pet\/www\/servicos\/\" target=\"_self\" rel=\"noopener noreferrer\" class=\"wp-block-button__link\"><span>Conhe\u00e7a nossos servi\u00e7os<\/span><\/a><\/div>\n<\/div>\n<\/div>\n<\/div><\/div>\n\n\n\n<div id=\"wp-block-themeisle-blocks-advanced-columns-813d4f77\" class=\"wp-block-themeisle-blocks-advanced-columns alignfull has-1-columns hide-in-desktop hide-in-tablet hide-in-mobile has-vertical-unset\"><div class=\"wp-block-themeisle-blocks-advanced-columns-overlay\"><\/div><div class=\"innerblocks-wrap\">\n<div id=\"wp-block-themeisle-blocks-advanced-column-02e447ca\" class=\"wp-block-themeisle-blocks-advanced-column\">\n<h2 id=\"wp-block-themeisle-blocks-advanced-heading-4cf0d89f\" class=\"wp-block-themeisle-blocks-advanced-heading wp-block-themeisle-blocks-advanced-heading-4cf0d89f\"> Management Pillars <\/h2>\n\n\n\n<p class=\"has-text-align-center has-neve-text-color-color has-text-color\" style=\"font-size:21px\"> A strong team with years of experience <\/p>\n\n\n\n<hr class=\"wp-block-separator has-text-color has-neve-link-color-color has-css-opacity has-neve-link-color-background-color has-background\"\/>\n<\/div>\n<\/div><\/div>\n\n\n\n<div id=\"wp-block-themeisle-blocks-advanced-columns-6e319580\" class=\"wp-block-themeisle-blocks-advanced-columns alignfull has-3-columns hide-in-desktop hide-in-tablet hide-in-mobile has-vertical-unset\"><div class=\"wp-block-themeisle-blocks-advanced-columns-overlay\"><\/div><div class=\"innerblocks-wrap\">\n<div id=\"wp-block-themeisle-blocks-advanced-column-03f664a8\" class=\"wp-block-themeisle-blocks-advanced-column\">\n<figure class=\"wp-block-image size-large\"><img loading=\"lazy\" decoding=\"async\" width=\"380\" height=\"550\" src=\"https:\/\/vbk.pet\/www\/wp-content\/uploads\/2019\/09\/neve-energy-panels-11.jpg\" alt=\"\" class=\"wp-image-280\"\/><\/figure>\n\n\n\n<h3 id=\"wp-block-themeisle-blocks-advanced-heading-78dff03b\" class=\"wp-block-themeisle-blocks-advanced-heading wp-block-themeisle-blocks-advanced-heading-78dff03b\"> Jack Austin <\/h3>\n\n\n\n<h4 id=\"wp-block-themeisle-blocks-advanced-heading-0c489439\" class=\"wp-block-themeisle-blocks-advanced-heading wp-block-themeisle-blocks-advanced-heading-0c489439\"> <strong>CLIENT SERVICE<\/strong> <\/h4>\n\n\n\n<p class=\"has-text-align-center has-neve-text-color-color has-text-color\"> A few words about this team member can go here, optionally. <\/p>\n<\/div>\n\n\n\n<div id=\"wp-block-themeisle-blocks-advanced-column-38b99147\" class=\"wp-block-themeisle-blocks-advanced-column\">\n<figure class=\"wp-block-image size-large\"><img loading=\"lazy\" decoding=\"async\" width=\"380\" height=\"550\" src=\"https:\/\/vbk.pet\/www\/wp-content\/uploads\/2019\/09\/neve-energy-panels-10.jpg\" alt=\"\" class=\"wp-image-281\"\/><\/figure>\n\n\n\n<h3 id=\"wp-block-themeisle-blocks-advanced-heading-ee4bb4e2\" class=\"wp-block-themeisle-blocks-advanced-heading wp-block-themeisle-blocks-advanced-heading-ee4bb4e2\">Andrew Austin  <\/h3>\n\n\n\n<h4 id=\"wp-block-themeisle-blocks-advanced-heading-c9d870cc\" class=\"wp-block-themeisle-blocks-advanced-heading wp-block-themeisle-blocks-advanced-heading-c9d870cc\"> <strong>CEO \/ FOUNDER<\/strong> <\/h4>\n\n\n\n<p class=\"has-text-align-center has-neve-text-color-color has-text-color\"> A few words about this team member can go here, optionally. <\/p>\n<\/div>\n\n\n\n<div id=\"wp-block-themeisle-blocks-advanced-column-c7f3d2ba\" class=\"wp-block-themeisle-blocks-advanced-column\">\n<figure class=\"wp-block-image size-large\"><img loading=\"lazy\" decoding=\"async\" width=\"380\" height=\"550\" src=\"https:\/\/vbk.pet\/www\/wp-content\/uploads\/2019\/09\/neve-energy-panels-09.jpg\" alt=\"\" class=\"wp-image-283\"\/><\/figure>\n\n\n\n<h3 id=\"wp-block-themeisle-blocks-advanced-heading-4a196794\" class=\"wp-block-themeisle-blocks-advanced-heading wp-block-themeisle-blocks-advanced-heading-4a196794\"> Peter Stevenson  <\/h3>\n\n\n\n<h4 id=\"wp-block-themeisle-blocks-advanced-heading-eb7adc21\" class=\"wp-block-themeisle-blocks-advanced-heading wp-block-themeisle-blocks-advanced-heading-eb7adc21\"> <strong>MANAGEMENT<\/strong> <\/h4>\n\n\n\n<p class=\"has-text-align-center has-neve-text-color-color has-text-color\"> A few words about this team member can go here, optionally. <\/p>\n<\/div>\n<\/div><\/div>\n\n\n\n<div id=\"wp-block-themeisle-blocks-advanced-columns-8645e912\" class=\"wp-block-themeisle-blocks-advanced-columns alignfull has-3-columns has-desktop-equal-layout has-tablet-equal-layout has-mobile-collapsedRows-layout has-vertical-unset\"><div class=\"wp-block-themeisle-blocks-advanced-columns-overlay\"><\/div><div class=\"innerblocks-wrap\">\n<div id=\"wp-block-themeisle-blocks-advanced-column-6d3338c1\" class=\"wp-block-themeisle-blocks-advanced-column\">\n<h6 id=\"wp-block-themeisle-blocks-advanced-heading-11d5c388\" class=\"wp-block-themeisle-blocks-advanced-heading wp-block-themeisle-blocks-advanced-heading-11d5c388\">54 mi    <\/h6>\n\n\n\n<h6 id=\"wp-block-themeisle-blocks-advanced-heading-dc77fc7c\" class=\"wp-block-themeisle-blocks-advanced-heading wp-block-themeisle-blocks-advanced-heading-dc77fc7c\">DE CACHORROS<br>EM LARES BRASILEIROS <\/h6>\n<\/div>\n\n\n\n<div id=\"wp-block-themeisle-blocks-advanced-column-7232329f\" class=\"wp-block-themeisle-blocks-advanced-column\">\n<h6 id=\"wp-block-themeisle-blocks-advanced-heading-d17abee8\" class=\"wp-block-themeisle-blocks-advanced-heading wp-block-themeisle-blocks-advanced-heading-d17abee8\">50%    <\/h6>\n\n\n\n<h6 id=\"wp-block-themeisle-blocks-advanced-heading-80bb4a33\" class=\"wp-block-themeisle-blocks-advanced-heading wp-block-themeisle-blocks-advanced-heading-80bb4a33\">CONCENTRADOS<br>NA REGI\u00c3O SUDESTE<\/h6>\n<\/div>\n\n\n\n<div id=\"wp-block-themeisle-blocks-advanced-column-4263d089\" class=\"wp-block-themeisle-blocks-advanced-column\">\n<h6 id=\"wp-block-themeisle-blocks-advanced-heading-341c4580\" class=\"wp-block-themeisle-blocks-advanced-heading wp-block-themeisle-blocks-advanced-heading-341c4580\">23%    <\/h6>\n\n\n\n<h6 id=\"wp-block-themeisle-blocks-advanced-heading-3a6d857f\" class=\"wp-block-themeisle-blocks-advanced-heading wp-block-themeisle-blocks-advanced-heading-3a6d857f\"> <strong>DOS TUTORES S\u00c3O PAIS DE PET<\/strong><br><strong>DE PRIMEIRA VIAGEM<\/strong> <\/h6>\n<\/div>\n<\/div><\/div>\n","protected":false},"excerpt":{"rendered":"","protected":false},"author":1,"featured_media":0,"parent":0,"menu_order":0,"comment_status":"closed","ping_status":"closed","template":"page-templates\/template-pagebuilder-full-width.php","meta":{"neve_meta_sidebar":"full-width","neve_meta_container":"","neve_meta_enable_content_width":"on","neve_meta_content_width":100,"neve_meta_title_alignment":"","neve_meta_author_avatar":"","neve_post_elements_order":"","neve_meta_disable_header":"","neve_meta_disable_footer":"","neve_meta_disable_title":"","_themeisle_gutenberg_block_has_review":false,"_ti_tpc_template_sync":false,"_ti_tpc_template_id":"u3r8npztdj54vl482voj","footnotes":""},"class_list":["post-319","page","type-page","status-publish","hentry"],"_links":{"self":[{"href":"https:\/\/vbk.pet\/www\/wp-json\/wp\/v2\/pages\/319","targetHints":{"allow":["GET"]}}],"collection":[{"href":"https:\/\/vbk.pet\/www\/wp-json\/wp\/v2\/pages"}],"about":[{"href":"https:\/\/vbk.pet\/www\/wp-json\/wp\/v2\/types\/page"}],"author":[{"embeddable":true,"href":"https:\/\/vbk.pet\/www\/wp-json\/wp\/v2\/users\/1"}],"replies":[{"embeddable":true,"href":"https:\/\/vbk.pet\/www\/wp-json\/wp\/v2\/comments?post=319"}],"version-history":[{"count":10,"href":"https:\/\/vbk.pet\/www\/wp-json\/wp\/v2\/pages\/319\/revisions"}],"predecessor-version":[{"id":521,"href":"https:\/\/vbk.pet\/www\/wp-json\/wp\/v2\/pages\/319\/revisions\/521"}],"wp:attachment":[{"href":"https:\/\/vbk.pet\/www\/wp-json\/wp\/v2\/media?parent=319"}],"curies":[{"name":"wp","href":"https:\/\/api.w.org\/{rel}","templated":true}]}}